 = 27 - 24. Suppose -4*r + 3*a = -32, g*r = -6*a + 2*a - 1. Suppose 0 = -q + 8 + 9. What is the remainder when q is divided by r?
2
Let h(x) = -x**3 + 6*x**2 - 6*x + 6. Let s be h(4). Let q = s - -6. What is the remainder when (2/4)/(2/q) is divided by 3?
2
What is the remainder when 277 is divided by 30 + 2 - (3 - 4)*-1?
29
Suppose 0 = 4*m - 2*u - 208, 0 = -8*u + 7*u + 4. What is the remainder when 239 is divided by m?
23
Let f(g) = 22*g**2 - 45*g**2 - 17 + g**3 - g + 47*g**2. Calculate the remainder when 12 is divided by f(-24).
5
Suppose -10*o - 19 = -59. Suppose 9 = a - 0*a - k, 4*k = -o*a + 12. What is the remainder when 30 is divided by a?
0
Let t(i) = 8*i - 123. Calculate the remainder when t(18) is divided by 11.
10
Let w(t) = -t**2 - 12*t + 4. Let r be w(-12). Let u(p) = -p + 2*p - r*p - 4. What is the remainder when u(-6) is divided by 5?
4
Suppose 0 = -49*t + 36*t + 208. What is the remainder when 29 is divided by t?
13
Let s(m) be the third derivative of m**4/3 - 3*m**3 + 38*m**2. What is the remainder when 24 is divided by s(4)?
10
Let q(a) = 2*a**2 - 74*a - 56. Calculate the remainder when (-2)/(-7) + 813/21 is divided by q(38).
19
Let l(p) = 190*p. Let r be l(1). Let d = 584 - r. Calculate the remainder when 22/(-55) + d/10 is divided by 10.
9
Suppose -1 = -c + 2. Suppose 3*k - 26 = -2*n, -5*k + 56 = -0*k - c*n. Calculate the remainder when (-12)/(-24)*36/(-2)*-4 is divided by k.
6
What is the remainder when (-328)/(-18) + (-2)/9 is divided by (-48)/18*(-24)/16?
2
Let b(t) = t**2 + 4*t + 21. Let p be b(-6). Let h = -21 + p. Suppose 4*x + 14 + 9 = 3*i, -3*i + 5*x = -25. Calculate the remainder when h is divided by i.
2
Let k = -55 - -61. What is the remainder when 9 is divided by k?
3
Let p(g) = 5*g + 18. Let d be p(-4). Calculate the remainder when 75 is divided by (320/6)/4 + d/6.
10
Suppose 0 = -c + 16*c - 165. Let i = 52 - 21. Calculate the remainder when i is divided by c.
9
Suppose 0 = 57*q - 56*q + 42. What is the remainder when 132 is divided by q/(-315) + 508/15?
30
Let q = 256 - 219. What is the remainder when 140 is divided by q?
29
Let i be 17/(-2 + (2 - -1)). Suppose h + 3 = i. What is the remainder when 55 is divided by h?
13
Let c(d) = -6*d + 3. Let n be 5*5/(25/6). What is the remainder when 4/n + 10/3 is divided by c(0)?
1
Let q = 2 + 29. Let w(z) = -z**2 + z + 2. Let j be w(3). Let u(s) = s**3 + 5*s**2 + 2*s + 3. Calculate the remainder when q is divided by u(j).
9
Let a = -116 - -131. Suppose 2*d = -5*g + 57 + 10, -d - g + 29 = 0. Suppose 2*o = d + 28. What is the remainder when o is divided by a?
12
Calculate the remainder when 77/3*8 + 9/(-27) is divided by 15.
10
Let j(x) = 22*x - 1. Let m(f) = -7*f + 4*f - 7*f + 0*f + 1. Calculate the remainder when m(-4) is divided by j(1).
20
Let o = -26 + 35. Suppose -o*k + 6*k = -57. Suppose 0 = 3*f - 17 + 2. Calculate the remainder when k is divided by f.
4
Let u(n) be the first derivative of -n**3/3 - 3*n**2/2 + n + 2. Let j be u(-4). What is the remainder when 43 is divided by (-4)/(-6) + (-31)/j?
10
Suppose 5*q = -5*z + 270, -3*z = 5*q + 55 - 331. Calculate the remainder when 222 is divided by q.
51
Suppose 2*g = -g + 27. Let r(c) = c**3 - 12*c**2 - 18*c + 1. Let n be r(13). Let s = n - -99. What is the remainder when s is divided by g?
8
Let b = 10 + -1. What is the remainder when 26 is divided by b?
8
Calculate the remainder when 24/8*(-1 + 114) is divided by 17.
16
Let j(m) = -3*m**2 + 113*m + 12. Calculate the remainder when j(35) is divided by 142.
8
Suppose 33*l = 30*l + 732. What is the remainder when l is divided by 13?
10
Let z = 35 + -10. Suppose 120 = -2*q + 5*q. Suppose 5*u - q = 30. What is the remainder when z is divided by u?
11
Let i = 204 + -140. Calculate the remainder when i is divided by 25 + 2/4*-2.
16
Suppose -6*b = -14*b + 448. What is the remainder when b is divided by 25?
6
What is the remainder when 21 is divided by (-3)/2*((-24)/(-8) - 5)?
0
Suppose 14*l - 595 = 1183. Calculate the remainder when l is divided by 19.
13
Let r be 88/14 + 4/(-14). Suppose j + r = 3*j. Suppose -47*b = -58*b + 99. What is the remainder when b is divided by j?
0
Suppose 5*s = -6*z + 11*z - 40, -42 = -3*z - 3*s. What is the remainder when 63 is divided by z?
8
Suppose -164 = -3*r - 7*p + 2*p, -3*r + 148 = p. Let t be -1*(-5)/(-5)*0. Suppose -5*w + 25 + 25 = t. What is the remainder when r is divided by w?
8
Let b(s) = s**2 + s + 32. Let a = -8 + 60. Suppose -k + 5*y = -10 - 16, 0 = -5*k - y + a. Calculate the remainder when b(0) is divided by k.
10
Let r(q) = -q**2 - q - 5. Let v be r(-3). Let c = -16 - v. Let p = 10 - c. Calculate the remainder when 28 is divided by p.
13
Suppose -5*h + 80 = -5*g, -4*h - 38*g = -39*g - 49. What is the remainder when h is divided by (-1)/(((-10)/(-18))/(-5))?
2
Suppose 51 = -7*g + 10*g. What is the remainder when g is divided by 12?
5
Suppose -2*k - 4*y = -10, -1 = k - 4*y - 0. Suppose -2 = -3*a - j, k*a - 4 = j + 6. What is the remainder when 56 is divided by (12/a - 3) + 17?
16
Let a(d) = d + 4. Suppose x - 20 = -m, -4*m + 6*m = -3*x + 63. What is the remainder when x is divided by a(11)?
8
Let x be (-4)/(-14) - 3760/(-70). Suppose 3*n = 54 + x. Suppose -2*a = 4*t - n, 2*t + 3 = -3*a + 49. What is the remainder when 41 is divided by a?
13
Let b = -1135 - -1162. What is the remainder when 427 is divided by b?
22
Let s(u) = 23*u + 1. Let o(k) = -9*k**2 + 251*k + 67. Calculate the remainder when s(5) is divided by o(28).
38
Suppose 4*g + 46 = -5*w + 157, 2*g = 5*w + 33. Let l(t) = -t**3 + 21*t**2 - 14*t - 26. Let n = 28 - 8. Calculate the remainder when l(n) is divided by g.
22
Suppose -5*l + 45 + 205 = 0. Calculate the remainder when l is divided by (-12)/(-9*1/15).
10
Let y = 26 - -10. Suppose h - y = -5*n + 104, 0 = -3*n + 4*h + 107. Calculate the remainder when n is divided by 8.
5
Suppose 125 = -8*f - 243. Let o = f - -77. Calculate the remainder when 121 is divided by o.
28
Suppose -27*l + 23*l = 4. What is the remainder when 23 is divided by l + -2 - (1 + -16)?
11
What is the remainder when 98 is divided by (-5)/(5/(-7))*(-52)/(-14)?
20
Suppose -16*f + 1121 = 65. Suppose 2*m - 2*l - 2 = 0, -m + 5*l + 2 = 3*m. Suppose f = m*n - 0. What is the remainder when n is divided by 9?
4
Let x(d) = -d**3 + 7*d**2 - 10*d + 1. Let b be x(4). Suppose b*j - 426 = 636. What is the remainder when j is divided by 40?
38
Let g(i) = -i**2 - 47*i - 326. Calculate the remainder when g(-14) is divided by 65.
6
Suppose 3*f = 30 + 153. Let r = 32 + -8. Calculate the remainder when f is divided by r.
13
Let d(a) = 161*a + 15. Calculate the remainder when d(2) is divided by 31.
27
Let c(y) = y + 2. Calculate the remainder when 179 is divided by c(28).
29
Suppose 13*w = -6*w + 931. Calculate the remainder when w is divided by ((78*1)/(-3))/(-2).
10
What is the remainder when (-4)/(-6) - 103/(-3) is divided by ((-3)/18)/((52/96)/(-13))?
3
Let w be (-13)/(-2*(-2)/4). Let o = w + 9. Calculate the remainder when (-7)/(14/o) - -11 is divided by 7.
6
Let i be (3 - 7 - 0) + -3. Let b = 6 - 4. Calculate the remainder when (-1 + 7)*(i/(-3))/7 is divided by b.
0
What is the remainder when 42 is divided by 9 + -17 + (-1 - (-21 - -6))?
0
Suppose -8*t + 0*t + 280 = 0. Let g(l) = l**3 - 4*l**2 - 2*l - 3. Calculate the remainder when t is divided by g(5).
11
Let j = -462 - -478. What is the remainder when j is divided by (-2)/4 - 209/(-22)?
7
Let m(g) = -g**3 - 8*g**2 - 10*g - 15. Let s be m(-7). Let l = s - 8. Calculate the remainder when 43 is divided by (-11)/(1 + l/1).
10
Let p = 13 - 12. Let v = 42 - p. Calculate the remainder when v is divided by 21.
20
Let v be (-9)/4 - (-3)/12. Let c = -42 + 71. What is the remainder when c is divided by (v + (-27)/(-6))/((-6)/(-24))?
9
Let f = 8 - -7. Let d = -2 + f. What is the remainder when 50 is divided by d?
11
Suppose -4*b - b + 20 = 0. Suppose -x - 243 = -2*g, -b*g - 2*x = 3*x - 507. What is the remainder when g is divided by 21?
18
Suppose 0 = 31*h - 32*h - f + 140, -3*f = -2*h + 280. Calculate the remainder when h is divided by 32.
12
Calculate the remainder when 99 + (-2)/(-3 - -4) is divided by 3 + (-1)/(1/(-46)).
48
Suppose 0 = m + 5*f - 4, -3*m - 2*m + 42 = 3*f. Suppose -m = t - 1. What is the remainder wh